et s(y) = -y**2 + 4*y + 2. Let q(d) = -d**2 - 6*d + 4. Let m be q(-6). What are the prime factors of s(m)?
2
What are the prime factors of 196 + 12/30*5?
2, 3, 11
Suppose 52 = 7*v - 3*v. Let h = 23 - v. List the prime factors of h.
2, 5
Suppose 61 + 47 = 3*s. What are the prime factors of s?
2, 3
Let f be ((-2)/6)/((-12)/(-252)). Let y = 8 - f. What are the prime factors of y?
3, 5
Suppose -5*a + 16 = -a. What are the prime factors of a?
2
Let k = 17 - -9. Let z = k + -68. What are the prime factors of ((-5)/15)/(2/z)?
7
Let q(d) = 0 + 12*d**2 + 1 + 0*d**2. Let w(c) = -c + 5. Let v be w(6). List the prime factors of q(v).
13
Suppose -60 = -5*d - 5*f, -8 = -d + f - 0*f. List the prime factors of d.
2, 5
Suppose 0*u - 3*c = u - 57, -2*u = 2*c - 122. What are the prime factors of u?
3, 7
Let f(i) = 2*i**3 + 2*i**2 - i - 2. Let u(y) = -y**3 - 6*y**2 - y - 4. Let p be u(-6). List the prime factors of f(p).
2, 5
Suppose r - 5*r = -24. Let j = r - 3. List the prime factors of j.
3
Suppose -2*h + 6 = 2. Suppose 2*o + 14 = -u, -5*u + h*o = o + 15. Let r = 13 + u. List the prime factors of r.
3
Let p(y) = -y**3 + 6*y**2 - 6*y. Suppose 3*o - 7 = 5. What are the prime factors of p(o)?
2
List the prime factors of -4 + 56 + -3 + -1.
2, 3
Let m be ((-4)/5)/((-2)/5). Suppose -3*j = m*j + 15. What are the prime factors of (-5)/(-2)*(1 - j)?
2, 5
Suppose 2*h = -h - 9. List the prime factors of (-16)/h + 2/3.
2, 3
Suppose -4*m - 3*h = 54 - 165, 4*m - 105 = 3*h. List the prime factors of m.
3
Let m be 1 + -1*2 + 1. Suppose -292 = -4*o + 2*k, -5*o + 2*k + m*k + 366 = 0. Suppose o = -z + 6*z + u, -z + u = -10. What are the prime factors of z?
2, 7
Let c be ((-48)/(-36))/(8/18). What are the prime factors of c/(3/(-180)*-4)?
3, 5
Let x = -14 - -20. Let w(o) = 3*o - 8. Let k be w(x). Suppose -2*b - k = 0, 21 = -0*g + g - 2*b. List the prime factors of g.
11
Suppose 2*h - 5*t = 39, -4*t + 48 = 4*h - 2*h. What are the prime factors of 554/h - 2/11?
5
Suppose l - 3*w + 1 = 0, -3*l + w + 3*w + 2 = 0. Suppose k = l*k - 62. Suppose -4*a + k = 14. List the prime factors of a.
2, 3
Suppose 2*s - 5*k = 25, -9*k = -4*k + 25. Suppose 2*a + 0*h = 5*h + 9, s = -5*a + 4*h + 48. List the prime factors of a.
2, 3
Let g = 3 + -4. What are the prime factors of g/4 + (-394)/(-8)?
7
Let n be 6/(-27) + 824/(-18). Let h = -14 - n. List the prime factors of h.
2
Suppose 1 + 2 = c. Suppose 3*f - 4*x = 46, -4*f - c*x + 51 = 2*x. What are the prime factors of f?
2, 7
Suppose 0 = 2*i - 4*i + 18. Let y be (i/(-2))/(4/64). What are the prime factors of y/(-28)*(-28)/(-6)?
2, 3
Suppose -5*m - 5 = r + 16, 2*m + 2 = 0. Let h = r - -44. What are the prime factors of h?
2, 7
Suppose 1056 = 2*r + 4*r. Suppose 0 = 13*k - 17*k + r. List the prime factors of k.
2, 11
Let f(g) = 4*g + 0 + 3*g**2 + 0 - 1. Let j be f(-3). Suppose 0*o + 4*o - 2*l = 28, -o = 3*l - j. What are the prime factors of o?
2
Suppose 6*m - 449 = -11. What are the prime factors of m?
73
Let v(d) = 6 + 1 - 6*d + 10*d**2 - 7 - d**3 + 11. What are the prime factors of v(9)?
2, 19
Suppose -7*b - 88 = -11*b. What are the prime factors of b?
2, 11
Let v(i) = -i**3 - 12*i**2 - 3*i + 7. Let r be v(-12). Suppose h - r = -15. What are the prime factors of h?
2, 7
Suppose 0 = -2*i - 4*o - 198, 5*i + 396 = i + 4*o. Let n be 5 + -4 + 2 + -1. List the prime factors of n/(-3)*i/6.
11
Suppose 5*u - 8 = k, -3*k + 4*k = -5*u + 12. Let y = 95 - 67. Suppose 5*j - y = u. List the prime factors of j.
2, 3
Let u(d) = -d**3 + 4*d**2 + 6*d - 1. What are the prime factors of u(4)?
23
What are the prime factors of 124/1 - (-1 + -4)?
3, 43
Let q(x) = x + 23. Let t be q(-18). Suppose -3*h - j = -83, -t*h + 162 = -2*j + 31. List the prime factors of h.
3
Suppose 0 = 6*u - 3*u + 24. Let i(a) = 2*a**2 + 2*a**2 - 6 - 1 - 3*a**2 + 6*a. What are the prime factors of i(u)?
3
Let z(b) = -b**3 - 8*b**2 - 8*b + 7. Let l be z(-7). Suppose -2*f + 12 = -l. What are the prime factors of f?
13
Let q be ((-1)/3 + 0)*-33. Suppose 0 = -v - 0 + q. List the prime factors of v.
11
Suppose 3*h + 4*y = 9 + 20, 0 = -h + 4*y - 17. What are the prime factors of h?
3
Let k be (0 - -2) + 0 + -1. Suppose 2*o + k = 7. Suppose n + 25 = p - o*n, -5*p + 91 = -3*n. List the prime factors of p.
17
Let v = 136 - 55. Suppose b = -2*b + v. List the prime factors of b.
3
List the prime factors of (2 - 12/5)*(11 - 81).
2, 7
Suppose 0 = -9*b + 5*b + 8. List the prime factors of b.
2
Let p be 3 + -1 - (2 + 88). What are the prime factors of (42/(-28))/(6/p)?
2, 11
Let w(c) = 2*c. Let n be w(1). Suppose n*q = 5*a + 31, 3*q - 75 = -3*a + 24. Suppose 0 = 3*g + 12, -4*j + 2*g + g + q = 0. List the prime factors of j.
2
Let j(h) = -h - 14. Let p be j(-13). Suppose 2*b + 2*b - 12 = 0. Let z = b - p. List the prime factors of z.
2
Let x = -15 - -25. Let q = x - 6. Suppose -q*g + 63 = -33. What are the prime factors of g?
2, 3
Suppose -33 = -4*q + 3*y, y = q + 5*y - 13. List the prime factors of q.
3
Suppose -23 = -x - 2*j, -2*x + 13 = -2*j - 15. Let f = x + -8. List the prime factors of f.
3
Suppose -2*w = -8, 0*j = -3*j + 4*w + 5. List the prime factors of j.
7
Let c(i) = -i**3 + 4*i + 2. Let k(f) = -5*f**2 - 2*f + 4*f**2 + f - 1. Let l be k(-2). What are the prime factors of c(l)?
17
Let c = 62 + -40. List the prime factors of c.
2, 11
Let q be 9/(-15) + (-36)/15. List the prime factors of q/9*(-5 - 10).
5
Suppose 15 = 3*i - 90. What are the prime factors of i?
5, 7
Let v(c) = c + 3. Let j be -4 + 1/(-2)*2. Let f be v(j). List the prime factors of f/(-1) - (2 + -2).
2
Let t be 36*1/4*-2. Suppose -44 + 164 = 4*h. Let a = t + h. List the prime factors of a.
2, 3
Let b = 14 + -3. Let f = 26 - b. Suppose -5*w = -f, 2*i - 4*i = -4*w + 8. What are the prime factors of i?
2
Suppose -o - 2*q + 4*q = 4, -4*o - q = -29. Suppose 5*t + 40 = o*t. What are the prime factors of t?
2, 5
Let l(c) be the first derivative of -5*c**2/2 - 6*c - 1. What are the prime factors of l(-4)?
2, 7
Suppose -91 = -4*a - 11. Suppose 0*v - a = -5*v. Suppose v*c - 2*c + 12 = y, -c - 5 = 0. What are the prime factors of y?
2
Suppose 0 = h - 5, -h + 15 = 4*r + 2*h. Suppose -4*u - 4*o + o + 44 = r, -54 = -5*u - 4*o. List the prime factors of u.
2, 7
Suppose 94 = 5*g - 226. What are the prime factors of g?
2
Let w be 6/4*-2 - -3. Let o(k) = -k + 14. What are the prime factors of o(w)?
2, 7
What are the prime factors of -24*(3 - (-28)/(-8))?
2, 3
Suppose 692 = 4*q + a + 3*a, q - 167 = 2*a. List the prime factors of q.
3, 19
Let p = 98 - 278. Let a = -127 - p. List the prime factors of a.
53
Suppose 4*r - 15 = -5*u - r, 2*r = 5*u - 1. Suppose u = g - 14. What are the prime factors of g?
3, 5
Let l(o) = 2*o**2 + 2*o - 1. Suppose 3*p + 10 = -8. Let v be 6/(-4)*4/p. What are the prime factors of l(v)?
3
Let z = 80 - 21. What are the prime factors of z?
59
Let v = 7 - 6. Let m = v - -10. What are the prime factors of m?
11
Suppose f - 160 = 5*f. Let j = -25 - f. List the prime factors of j.
3, 5
Let v = 11 - 6. Suppose 135 = 5*u + v*g, 7*g = u + 5*g - 30. What are the prime factors of u?
2, 7
Let w = 49 - 161. Let y be w/3 - (-2)/6. What are the prime factors of 3/(-12) - y/4?
3
Let o = -2 - -1. Let a be (-3 - -2) + 2 - o. Suppose -4 = -a*b - 0*b. What are the prime factors of b?
2
Let p be (-10)/(-4)*1*2. Suppose -p*u + 0*u + 20 = 0. What are the prime factors of u?
2
Let o = -4 - -5. List the prime factors of (o/(-2))/(3/(-78)).
13
Suppose -4*k + 122 = -2*k. What are the prime factors of k?
61
Suppose 2*d - 228 = -92. What are the prime factors of d?
2, 17
Suppose -3*o = -11 - 25. Let f = 15 - o. List the prime factors of f.
3
Let x = 2 + 7. Let o = x - -4. What are the prime factors of o?
13
Suppose 66 - 71 = -y. List the prime factors of y.
5
Suppose -4*m = -2*m + 16. Let r(y) = -y**3 - 8*y**2 - y - 6. Let p be r(m). Suppose 0 = -q - 5*k + 6*k + 3, -p*q = 3*k - 26. What are the prime factors of q?
7
Let q(c) = -3*c - 6. Let g be 2*(-6)/(-4) - -1. Suppose -g*a - 48 = 4*k, -5*a + 3*k + 6 = 26. What are the prime factors of q(a)?
3, 5
Let y(m) = 3*m**3 + 2*m**2 - 2*m - 1. Let p be y(2). What are the prime factors of p + -2 + 2/1?
3
Let u(z) = -5*z + 1. Let f be u(3). Suppose -b = -0 + 8. Let w = b - f. What are the prime factors of w?
2, 3
Let d(s